 Let h be 1/(1*(-1)/5). Is z(h) a composite number?
False
Let p = 2548 - 1751. Is p composite?
False
Let g(i) be the first derivative of -i**4/24 + 59*i**3/6 + 3*i**2/2 - 3. Let p(w) be the second derivative of g(w). Is p(0) a composite number?
False
Suppose 3*q - 609 - 714 = 0. Is (-2 - 0) + q + 0 prime?
True
Let l = 4 - -1. Suppose -w - 4*g + 20 = -0, -2*g = -l*w - 10. Suppose -m + 6*m - 335 = w. Is m a prime number?
True
Let s = -230 - -1011. Is s a composite number?
True
Suppose 5*o - 20 = -0*o. Suppose -2*g + 8 = 2*h - o*g, h = -2*g + 7. Suppose -3*n = 2*p - 111, 0 = -3*n - 0*n - h*p + 102. Is n a composite number?
True
Suppose 190 + 47 = r. Let x = r + -34. Is x prime?
False
Let k(h) = 4*h**2 - h + 8. Let v be k(8). Suppose -m - v = -3*m. Let r = m - 91. Is r a prime number?
True
Suppose -3*b = 2*b - 35. Suppose b*o + 4*c - 433 = 2*o, -2*c = 3*o - 261. Is o a prime number?
True
Suppose 2*f + 4 = f. Is -388*2/(32/f) prime?
True
Suppose 3*t - 299 = 4*p, -2*t - 2*p + 40 + 150 = 0. Is t prime?
True
Let j(v) = v**2 + 5*v + 2. Let g(z) = z**2 + 10*z + 12. Let r be g(-8). Let o be j(r). Is 94/(8/2 + o) a prime number?
True
Let r(y) = 42*y**2 - y - 4. Is r(-3) composite?
True
Let y(a) = a + 11. Let q(l) = -l - 1. Let w be q(6). Let x be y(w). Suppose x*b = -2*h + 228, -h = -3 - 1. Is b a composite number?
True
Suppose 5*a - 3*a - 317 = -5*j, 3*a + 272 = 4*j. Is j a prime number?
False
Let m(l) = 2*l + 4. Let c be m(-4). Let o be (4/6)/(c/(-6)). Is (-1 + 2)*o*31 a prime number?
True
Let y be ((3 + -1)*-5)/1. Let d(g) = 11*g**2 + 14*g + 13. Is d(y) a composite number?
True
Let j = -19 + 21. Is 15/(-10) + 469/j composite?
False
Let j = 50 + -15. Suppose 3*v - 55 = 2*q, -6*v + 2*v - 5*q + j = 0. Is v prime?
False
Let k(t) = -80*t + 6. Let x be k(5). Let m = -200 - x. Is m prime?
False
Suppose 3 + 88 = g. Suppose 0 = -4*n - 5*p + 18 + g, -5*n = -2*p - 161. Is n prime?
True
Is 8041/3 - (0 + 8/(-12)) a prime number?
False
Suppose -q + 5*s + 13 = 0, -1 = 2*q + 2*s - 3*s. Let x be 0/(0 + (q - -3)). Suppose x = -c - 3*c + 148. Is c a prime number?
True
Let f be 4 - (0 + 1)*-1. Let j be 14/(-35) - (-152)/f. Suppose 2*l + j = 5*l. Is l composite?
True
Suppose 0 = 4*a + a + 30. Is ((-51)/a)/(1/10) a composite number?
True
Suppose 3*o + 17509 = -5*s + 2995, -4*s - 4*o = 11608. Is (-2)/10 + s/(-20) prime?
False
Suppose 338 = 3*u - 109. Let o = u - -38. Is o a prime number?
False
Let z = 659 - 465. Is z composite?
True
Let n be (-5 - (1 - 4)) + 144. Suppose 43 = -3*l + n. Is l a composite number?
True
Suppose 3*u - 5*u = -6. Is (u/2)/(2/44) composite?
True
Is (-8)/(-20) + 148698/30 composite?
False
Let u be (-1 - -3)*(-3)/2. Let a = 0 - u. Suppose 37 = -2*k + a*k. Is k prime?
True
Let i = 467 + 2378. Is i composite?
True
Suppose -2 + 4 = d. Suppose -d - 18 = -5*w. Suppose -3*a + w*x = -179, 0*x = -2*x - 10. Is a prime?
True
Suppose -7*m = -2*m - 35. Suppose 3*y = -4*r + 24, 15 = 4*y + 2*r - m. Is 46/y + 3/(-6) a composite number?
False
Suppose -2*m - 3*i = -421, 3*m - 226 = 3*i + 428. Let t = m - 41. Suppose 0 + t = 2*n. Is n a composite number?
True
Suppose -5*t + 5*r - 3*r + 175 = 0, 91 = 2*t - 5*r. Let b be 6/(-15) - 234/15. Let m = t - b. Is m a composite number?
True
Let l(o) = -29*o**2 + 18. Let a(k) = 5*k**2 - 3. Let f(n) = -34*a(n) - 6*l(n). Let t be f(-7). Suppose -4*r - 42 = -t. Is r a prime number?
True
Suppose 4*a - 8 = 0, 6*a - 5*a + 143 = 5*n. Let z = n + -15. Let h = -1 + z. Is h prime?
True
Let t(r) = r**3 - 10*r**2 + 2*r - 9. Let x(q) = 3*q**2 + 5. Let w be x(-4). Suppose w = 5*p - 2*a + 9, -5*p - 4*a + 62 = 0. Is t(p) a prime number?
True
Let o(j) = 2056*j - 3. Is o(1) a composite number?
False
Let y = -235 + 513. Is y a composite number?
True
Let f be 116 + ((-8)/2 - -3). Suppose 7*l + 8 = 3*l. Is (-4 + f)*l/(-6) composite?
False
Let o(m) = m**2 + 2*m + 2. Let a(q) = -q**3 - 6*q**2 - 4*q - 4. Let k be a(-5). Let w = -2 - k. Is o(w) a prime number?
False
Suppose -3*w + 2090 + 3287 = -2*c, 0 = w - 4*c - 1799. Suppose -2*i = -5*i + w. Suppose 3*m = -4*b - 2*m + i, 2*b - 296 = -2*m. Is b prime?
False
Is (1 - -2)/((-6)/(-1934)) a prime number?
True
Let m(a) = -25*a**3 - 2*a**2. Let i be m(3). Let q = 1000 + i. Is q a composite number?
False
Suppose r + 4*g - 8 = -3*r, 0 = -2*r + 2*g + 12. Suppose -3*c + 6 = r*d - 10, 0 = -2*d - 3*c + 8. Suppose -20 = -d*v, -2*v = q - 4*v - 69. Is q prime?
True
Let f be 256/(-1)*(1 + -2). Suppose 0 = 2*n - n + 2*b - 97, -3*n + b = -f. Is n a prime number?
False
Let f be 8 + (-1 - (0 + 1)). Suppose 4*b = y + 4, 0 = -2*y + f*y - b + 1. Suppose 45 = -y*j + 5*j. Is j a prime number?
False
Let j(l) = 27*l + 1. Let m(v) = 13*v. Suppose 0 = 3*o - 0*o - 15. Let r(y) = o*m(y) - 3*j(y). Is r(-5) a prime number?
False
Suppose -2*m + 700 = 254. Is m a prime number?
True
Let s = 13 - 13. Suppose -3*z = -s*z - 651. Is z composite?
True
Suppose 2*n = -n + 4*b + 1033, 4*n - 1394 = -3*b. Is n a composite number?
False
Suppose 3*m = 5*n + 4687, 3*m + 4*n - 4669 = -0*n. Is m composite?
False
Let s(h) = -h**3 - 6*h**2 - 4*h. Let z be s(-6). Suppose 119 - z = 5*r. Is r a composite number?
False
Let d = -2323 - -7686. Is d a composite number?
True
Suppose 18 = -3*h + d + 4, -d = 4*h + 7. Is (9/h + -2)*-31 composite?
True
Suppose -2*t = 4*c - 26, t - 2*c = -2*t + 15. Suppose -q = -4*w + t, q + 3*q = 2*w. Is ((-105)/6)/q*-2 a prime number?
False
Let k(b) = -5*b**3 - b**2 + 7*b + 5. Is k(-6) composite?
True
Suppose 4*k + 15 = k, -3*z + 2*k + 181 = 0. Is z a prime number?
False
Let k(o) = 2*o**2 - 5*o - 9. Let a be k(7). Let i = a - -31. Is i a composite number?
True
Suppose 219 - 3642 = -3*g. Is g a composite number?
True
Let k = -1081 - -1716. Is k a prime number?
False
Let m = 391 - 258. Is m a composite number?
True
Is ((-1)/((-6)/7388))/((-6)/(-9)) prime?
True
Let i be (((-6)/(-2))/(-3))/(-1). Let v be -1 + 1 - (-1 + i). Suppose k - 5*y - 30 = v, 0*k + 3*y = -3*k + 108. Is k composite?
True
Suppose 0*g + 6 = 3*n - 3*g, -4*g = -3*n + 6. Is n a prime number?
True
Let i(s) = -6*s**2 - 14*s - 3. Let d(b) = b**2 + b + 1. Let p(o) = -4*d(o) - i(o). Is p(-9) composite?
False
Let v = -1122 - -2979. Is v composite?
True
Let j = 624 + -415. Is j a prime number?
False
Suppose 0 = 3*h + 2*h - 2270. Let r = h + -243. Is r a prime number?
True
Let y(u) = u**3 - 4*u**2 - 4*u - 2. Let v = 16 - 34. Let q = -13 - v. Is y(q) prime?
True
Suppose -4*s + 2*s + 130 = 0. Suppose f = -0*n + 4*n + s, -3 = -n. Is f a prime number?
False
Let n(w) = 6*w**2 - w + 1. Let x(g) = g**3 + 6*g**2 + 4*g - 4. Let k be x(-5). Let h be n(k). Suppose -4*j = -h*j + 258. Is j a prime number?
False
Let h = 430 - 111. Is h composite?
True
Suppose -5 = d + 5*t - 16, 3*t = -d + 9. Let s(l) = -18*l - 3. Let n be s(d). Let q = -44 - n. Is q prime?
True
Let c(v) be the second derivative of v**5/20 - v**4/12 + v**3/6 + 21*v**2/2 + 12*v. Suppose 0 = -4*x + x. Is c(x) a prime number?
False
Suppose 3*a = -456 + 81. Let t = 216 + a. Is t prime?
False
Let q(i) = -118*i + 2. Let r be q(-2). Let z = r - 134. Is 2/6 - z/(-3) a prime number?
False
Let h(p) = 9*p - 1. Let a = -13 + 9. Let q be h(a). Let x = 59 + q. Is x a composite number?
True
Let b(z) = z**3 + 7*z**2 + 5*z - 2. Let m be b(-6). Let s(v) = 17*v - 1. Is s(m) a composite number?
False
Is 6518/6 - (-30)/45 a prime number?
True
Let v = 60 - 42. Suppose h + 97 = k - v, 0 = -3*k + 4*h + 345. Let i = -2 + k. Is i a prime number?
True
Is (74/3)/((2/(-3))/(-1)) composite?
False
Let m be (3 + -1)*3/3. Let p = -11 - -11. Suppose -5*w + m*w + 12 = p. Is w prime?
False
Let q be (-102)/(0 - (-3)/(-8)). Suppose 83 = 5*x - q. Is x a composite number?
False
Suppose -2*w + 315 = -0*n - 3*n, -w + 165 = n. Suppose w + 486 = 4*p. Suppose -5*d = -p - 113. Is d composite?
True
Let l = -203 - -105. Let w = l - -177. Is w composite?
False
Let k = 526 - 197. Is k a composite number?
True
Suppose 33 = b - 44. Is b composite?
True
Suppose 3*f + s = f + 7, 5*f = -4*s + 19. Suppose 2*r - f*k = -k + 68, 4*k + 37 = r. Is r a composite number?
True
Suppose j + 3*j - 20 = 0. Suppose -j*w + 0*w = -170. Is w a prime number?
False
Suppose -5*f = -9385 - 120. Is f composite?
False
Let s = 439 - 216. Suppose f = -32 + s. Is f a prime number?
True
Suppose -1903 =